 156 and 8788?
52
What is the highest common factor of 4 and 54?
2
Calculate the greatest common divisor of 39 and 351.
39
What is the greatest common divisor of 1584 and 363?
33
Calculate the greatest common divisor of 78 and 30.
6
Calculate the greatest common factor of 2077 and 201.
67
What is the greatest common factor of 368 and 1426?
46
Calculate the greatest common divisor of 138 and 24.
6
Calculate the highest common factor of 123870 and 30.
30
What is the highest common factor of 53 and 212?
53
Calculate the highest common divisor of 9 and 48.
3
Calculate the greatest common factor of 992 and 4712.
248
Calculate the greatest common divisor of 24 and 99.
3
Calculate the greatest common factor of 950 and 1672.
38
What is the highest common divisor of 3474 and 1351?
193
Calculate the highest common factor of 59 and 531.
59
Calculate the highest common divisor of 24 and 48.
24
Calculate the highest common factor of 981 and 9.
9
Calculate the greatest common factor of 1326 and 156.
78
Calculate the greatest common divisor of 1456 and 3584.
112
What is the highest common factor of 63 and 490?
7
Calculate the highest common factor of 60 and 2580.
60
What is the highest common divisor of 60 and 48?
12
Calculate the greatest common divisor of 52 and 143.
13
What is the greatest common divisor of 336 and 96?
48
What is the highest common factor of 5 and 45?
5
What is the highest common factor of 34 and 55114?
34
Calculate the greatest common divisor of 51 and 153.
51
Calculate the greatest common factor of 176 and 440.
88
What is the greatest common factor of 4920 and 12?
12
What is the greatest common factor of 546 and 52?
26
Calculate the highest common divisor of 25 and 1605.
5
Calculate the highest common divisor of 10951 and 47.
47
Calculate the greatest common divisor of 56 and 14.
14
What is the greatest common factor of 27 and 747?
9
Calculate the greatest common divisor of 1653 and 116.
29
Calculate the highest common factor of 213 and 15.
3
Calculate the greatest common factor of 136 and 1394.
34
Calculate the greatest common divisor of 2525 and 25.
25
Calculate the highest common factor of 10600 and 1000.
200
Calculate the greatest common divisor of 2584 and 3128.
136
What is the greatest common divisor of 132 and 55?
11
What is the highest common divisor of 7731 and 27?
9
What is the greatest common factor of 5 and 20?
5
Calculate the highest common divisor of 460 and 40.
20
Calculate the highest common divisor of 495 and 3375.
45
Calculate the highest common factor of 10049 and 39.
13
Calculate the highest common divisor of 944 and 16.
16
What is the greatest common divisor of 4601 and 430?
43
What is the greatest common divisor of 153 and 35496?
153
What is the highest common factor of 2442 and 1452?
66
What is the greatest common divisor of 18 and 382?
2
Calculate the greatest common factor of 1352 and 208.
104
What is the highest common factor of 3569 and 43?
43
Calculate the highest common divisor of 113 and 3616.
113
What is the greatest common divisor of 828 and 204?
12
What is the greatest common divisor of 242 and 99?
11
What is the greatest common factor of 472 and 354?
118
What is the highest common factor of 150 and 105?
15
What is the highest common factor of 9 and 12?
3
Calculate the highest common factor of 154 and 275.
11
What is the highest common divisor of 141 and 893?
47
What is the greatest common factor of 86 and 817?
43
Calculate the greatest common factor of 70 and 112.
14
What is the greatest common factor of 79 and 48901?
79
What is the greatest common factor of 2200 and 88?
88
Calculate the highest common divisor of 609 and 7.
7
Calculate the highest common divisor of 275 and 330.
55
What is the greatest common factor of 4 and 8?
4
Calculate the greatest common divisor of 123 and 164.
41
What is the greatest common divisor of 91 and 143?
13
What is the highest common divisor of 16 and 824?
8
What is the greatest common factor of 1 and 5?
1
What is the greatest common divisor of 888 and 72?
24
Calculate the highest common divisor of 84 and 1212.
12
Calculate the highest common divisor of 30 and 32910.
30
Calculate the highest common factor of 78 and 2106.
78
Calculate the highest common divisor of 1722 and 82.
82
What is the highest common divisor of 4 and 14?
2
Calculate the highest common divisor of 2717 and 104.
13
What is the highest common divisor of 412 and 16?
4
What is the highest common factor of 174 and 14703?
87
What is the highest common divisor of 2415 and 14?
7
Calculate the greatest common divisor of 4 and 164.
4
Calculate the greatest common factor of 28 and 92.
4
Calculate the highest common divisor of 37 and 592.
37
What is the greatest common divisor of 138 and 1104?
138
What is the greatest common divisor of 156 and 60?
12
What is the highest common divisor of 156 and 4944?
12
What is the greatest common divisor of 23 and 2944?
23
What is the highest common divisor of 654 and 6?
6
What is the greatest common divisor of 121 and 1936?
121
Calculate the greatest common divisor of 4332 and 12.
12
Calculate the greatest common divisor of 588 and 168.
84
What is the greatest common divisor of 333 and 9?
9
Calculate the highest common factor of 64 and 592.
16
What is the greatest common factor of 1807 and 973?
139
What is the greatest common factor of 185 and 111?
37
Calculate the highest common divisor of 23628 and 48.
12
Calculate the greatest common divisor of 26 and 78.
26
Calculate the greatest common factor of 47558 and 86.
86
Calculate the highest common divisor of 5561 and 249.
83
Calculate the highest common divisor of 16 and 400.
16
What is the highest common factor of 432 and 1488?
48
Calculate the greatest common divisor of 1617 and 66.
33
Calculate the highest common factor of 1224 and 198.
18
Calculate the greatest common factor of 4 and 134.
2
What is the greatest common divisor of 117 and 13?
13
Calculate the greatest common divisor of 43 and 2623.
43
Calculate the greatest common factor of 40 and 2120.
40
Calculate the greatest common divisor of 10 and 8440.
10
Calculate the highest common divisor of 12 and 956.
4
What is the highest common divisor of 308 and 110?
22
Calculate the greatest common factor of 40 and 970.
10
Calculate the greatest common divisor of 180 and 96.
12
What is the greatest common divisor of 549 and 9?
9
Calculate the highest common divisor of 51 and 15.
3
What is the highest common factor of 84 and 112?
28
What is the greatest common factor of 93 and 33?
3
Calculate the highest common factor of 9 and 4419.
9
What is the greatest common divisor of 70 and 1715?
35
What is the greatest common divisor of 4 and 200?
4
What is the highest common divisor of 30 and 132?
6
Calculate the highest common divisor of 996 and 83.
83
Calculate the highest common divisor of 126 and 28.
14
Calculate the greatest common factor of 348 and 36.
12
Calculate the greatest common factor of 5935 and 5.
5
What is the highest common divisor of 13618 and 22?
22
What is the greatest common divisor of 1152 and 45?
9
Calculate the greatest common factor of 980 and 882.
98
What is the highest common divisor of 13952 and 218?
218
What is the highest common factor of 18761 and 257?
257
Calculate the greatest common factor of 265 and 1802.
53
What is the highest common divisor of 24 and 18?
6
What is the highest common divisor of 91 and 8281?
91
What is the highest common divisor of 77 and 301?
7
Calculate the highest common divisor of 249 and 156372.
249
What is the highest common divisor of 333 and 222?
111
What is the highest common divisor of 40 and 32?
8
What is the greatest common divisor of 132 and 165?
33
Calculate the highest common factor of 999 and 74.
37
Calculate the greatest common factor of 31290 and 30.
30
What is the greatest common divisor of 424 and 371?
53
What is the highest common divisor of 32 and 2488?
8
Calculate the greatest common divisor of 395 and 474.
79
Calculate the highest common factor of 1424 and 432.
16
Calculate the greatest common factor of 612 and 3009.
51
Calculate the highest common factor of 49 and 784.
49
Calculate the highest common divisor of 46 and 10.
2
Calculate the greatest common factor of 7 and 581.
7
What is the greatest common divis